{"id":986,"date":"2022-08-11T11:39:02","date_gmt":"2022-08-11T14:39:02","guid":{"rendered":"https:\/\/martinhasflatrio.com.br\/?page_id=986"},"modified":"2022-12-30T14:47:44","modified_gmt":"2022-12-30T17:47:44","slug":"ta-chovendo-3-2","status":"publish","type":"page","link":"https:\/\/martinhasflatrio.com.br\/?page_id=986","title":{"rendered":"Pedal, Trilhas e Caminhadas"},"content":{"rendered":"\n<div class=\"wp-block-cover alignfull has-parallax\"><span aria-hidden=\"true\" class=\"wp-block-cover__background has-ast-global-color-0-background-color has-background-dim-70 has-background-dim\"><\/span><div role=\"img\" class=\"wp-block-cover__image-background wp-image-763 has-parallax\" style=\"background-position:50% 50%;background-image:url(https:\/\/martinhasflatrio.com.br\/wp-content\/uploads\/2022\/08\/20201225_093438-scaled.jpg)\"><\/div><div class=\"wp-block-cover__inner-container is-layout-flow wp-block-cover-is-layout-flow\">\n<p class=\"has-text-align-center has-large-font-size\">Pedal, Trilhas e Caminhadas<\/p>\n<\/div><\/div>\n\n\n\n<section class=\"wp-block-uagb-section uagb-section__wrap uagb-section__background-undefined uagb-block-5ff674eb\"><div class=\"uagb-section__overlay\"><\/div><div class=\"uagb-section__inner-wrap\">\n<p><\/p>\n\n\n\n<div class=\"wp-block-columns has-ast-global-color-5-background-color has-background is-layout-flex wp-container-core-columns-is-layout-28f84493 wp-block-columns-is-layout-flex\">\n<div class=\"wp-block-column is-layout-flow wp-block-column-is-layout-flow\" style=\"flex-basis:250px\">\n<div class=\"wp-block-uagb-info-box uagb-block-e1bd2105 uagb-infobox__content-wrap  uagb-infobox_cta-type-all uagb-infobox-icon-above-title uagb-infobox-image-valign-top uagb-infobox__outer-wrap\"><a href=\"https:\/\/martinhasflatrio.com.br\/?page_id=747\" class=\"uagb-infobox-link-wrap uagb-infbox__link-to-all\" target=\"_self\" aria-label=\"Infobox Link\" rel=\"noopener noreferrer\"><\/a><div class=\"uagb-ifb-content\"><div class=\"uagb-ifb-icon-wrap\"><svg xmlns=\"https:\/\/www.w3.org\/2000\/svg\" viewBox=\"0 0 448 512\"><path d=\"M388.3 104.1a4.66 4.66 0 0 0 -4.4-4c-2 0-37.23-.8-37.23-.8s-21.61-20.82-29.62-28.83V503.2L442.8 472S388.7 106.5 388.3 104.1zM288.6 70.47a116.7 116.7 0 0 0 -7.21-17.61C271 32.85 255.4 22 237 22a15 15 0 0 0 -4 .4c-.4-.8-1.2-1.2-1.6-2C223.4 11.63 213 7.63 200.6 8c-24 .8-48 18-67.25 48.83-13.61 21.62-24 48.84-26.82 70.06-27.62 8.4-46.83 14.41-47.23 14.81-14 4.4-14.41 4.8-16 18-1.2 10-38 291.8-38 291.8L307.9 504V65.67a41.66 41.66 0 0 0 -4.4 .4S297.9 67.67 288.6 70.47zM233.4 87.69c-16 4.8-33.63 10.4-50.84 15.61 4.8-18.82 14.41-37.63 25.62-50 4.4-4.4 10.41-9.61 17.21-12.81C232.2 54.86 233.8 74.48 233.4 87.69zM200.6 24.44A27.49 27.49 0 0 1 215 28c-6.4 3.2-12.81 8.41-18.81 14.41-15.21 16.42-26.82 42-31.62 66.45-14.42 4.41-28.83 8.81-42 12.81C131.3 83.28 163.8 25.24 200.6 24.44zM154.1 244.6c1.6 25.61 69.25 31.22 73.25 91.66 2.8 47.64-25.22 80.06-65.65 82.47-48.83 3.2-75.65-25.62-75.65-25.62l10.4-44s26.82 20.42 48.44 18.82c14-.8 19.22-12.41 18.81-20.42-2-33.62-57.24-31.62-60.84-86.86-3.2-46.44 27.22-93.27 94.47-97.68 26-1.6 39.23 4.81 39.23 4.81L221.4 225.4s-17.21-8-37.63-6.4C154.1 221 153.8 239.8 154.1 244.6zM249.4 82.88c0-12-1.6-29.22-7.21-43.63 18.42 3.6 27.22 24 31.23 36.43Q262.6 78.68 249.4 82.88z\"><\/path><\/svg><\/div><div class=\"uagb-ifb-title-wrap\"><h3 class=\"uagb-ifb-title\">Pedal para o Recreio<\/h3><\/div><div class=\"uagb-ifb-button-wrapper wp-block-button\"><\/div><\/div><\/div>\n<\/div>\n\n\n\n<div class=\"wp-block-column is-layout-flow wp-block-column-is-layout-flow\" style=\"flex-basis:500px\">\n<div class=\"wp-block-uagb-info-box uagb-block-dfc56f1e uagb-infobox__content-wrap  uagb-infobox-icon-above-title uagb-infobox-image-valign-top\"><div class=\"uagb-ifb-content\"><div class=\"uagb-ifb-title-wrap\"><\/div><p class=\"uagb-ifb-desc\">Se voc\u00ea est\u00e1 procurando um passeio de bike com muita natureza, reservas de mata atl\u00e2ntica e praias lindas, nossa recomenda\u00e7\u00e3o \u00e9 voc\u00ea ir at\u00e9 a praia e seguir pela ciclovia em dire\u00e7\u00e3o  ao Recreio (\u00e0 direita de que tem o privil\u00e9gio de olhar para o mar). Clique no titulo para mais dicas deste passeio.<\/p><\/div><\/div>\n<\/div>\n\n\n\n<div class=\"wp-block-column is-layout-flow wp-block-column-is-layout-flow\">\n<figure class=\"wp-block-image size-thumbnail\"><img loading=\"lazy\" decoding=\"async\" width=\"150\" height=\"150\" src=\"https:\/\/martinhasflatrio.com.br\/wp-content\/uploads\/2022\/08\/IMG_20211228_095635-150x150.jpg\" alt=\"\" class=\"wp-image-766\"\/><\/figure>\n<\/div>\n<\/div>\n\n\n\n<div class=\"wp-block-columns has-ast-global-color-8-background-color has-background is-layout-flex wp-container-core-columns-is-layout-28f84493 wp-block-columns-is-layout-flex\">\n<div class=\"wp-block-column is-layout-flow wp-block-column-is-layout-flow\" style=\"flex-basis:250px\">\n<div class=\"wp-block-uagb-info-box uagb-block-e877ea6a uagb-infobox__content-wrap  uagb-infobox_cta-type-all uagb-infobox-icon-above-title uagb-infobox-image-valign-top uagb-infobox__outer-wrap\"><a href=\"https:\/\/martinhasflatrio.com.br\/?page_id=1003\" class=\"uagb-infobox-link-wrap uagb-infbox__link-to-all\" target=\"_self\" aria-label=\"Infobox Link\" rel=\"noopener noreferrer\"><\/a><div class=\"uagb-ifb-content\"><div class=\"uagb-ifb-icon-wrap\"><svg xmlns=\"https:\/\/www.w3.org\/2000\/svg\" viewBox=\"0 0 448 512\"><path d=\"M388.3 104.1a4.66 4.66 0 0 0 -4.4-4c-2 0-37.23-.8-37.23-.8s-21.61-20.82-29.62-28.83V503.2L442.8 472S388.7 106.5 388.3 104.1zM288.6 70.47a116.7 116.7 0 0 0 -7.21-17.61C271 32.85 255.4 22 237 22a15 15 0 0 0 -4 .4c-.4-.8-1.2-1.2-1.6-2C223.4 11.63 213 7.63 200.6 8c-24 .8-48 18-67.25 48.83-13.61 21.62-24 48.84-26.82 70.06-27.62 8.4-46.83 14.41-47.23 14.81-14 4.4-14.41 4.8-16 18-1.2 10-38 291.8-38 291.8L307.9 504V65.67a41.66 41.66 0 0 0 -4.4 .4S297.9 67.67 288.6 70.47zM233.4 87.69c-16 4.8-33.63 10.4-50.84 15.61 4.8-18.82 14.41-37.63 25.62-50 4.4-4.4 10.41-9.61 17.21-12.81C232.2 54.86 233.8 74.48 233.4 87.69zM200.6 24.44A27.49 27.49 0 0 1 215 28c-6.4 3.2-12.81 8.41-18.81 14.41-15.21 16.42-26.82 42-31.62 66.45-14.42 4.41-28.83 8.81-42 12.81C131.3 83.28 163.8 25.24 200.6 24.44zM154.1 244.6c1.6 25.61 69.25 31.22 73.25 91.66 2.8 47.64-25.22 80.06-65.65 82.47-48.83 3.2-75.65-25.62-75.65-25.62l10.4-44s26.82 20.42 48.44 18.82c14-.8 19.22-12.41 18.81-20.42-2-33.62-57.24-31.62-60.84-86.86-3.2-46.44 27.22-93.27 94.47-97.68 26-1.6 39.23 4.81 39.23 4.81L221.4 225.4s-17.21-8-37.63-6.4C154.1 221 153.8 239.8 154.1 244.6zM249.4 82.88c0-12-1.6-29.22-7.21-43.63 18.42 3.6 27.22 24 31.23 36.43Q262.6 78.68 249.4 82.88z\"><\/path><\/svg><\/div><div class=\"uagb-ifb-title-wrap\"><h3 class=\"uagb-ifb-title\">Pedal para a Zona Sul<\/h3><\/div><div class=\"uagb-ifb-button-wrapper wp-block-button\"><\/div><\/div><\/div>\n<\/div>\n\n\n\n<div class=\"wp-block-column is-layout-flow wp-block-column-is-layout-flow\" style=\"flex-basis:500px\">\n<div class=\"wp-block-uagb-info-box uagb-block-1c2b015e uagb-infobox__content-wrap  uagb-infobox-icon-above-title uagb-infobox-image-valign-top\"><div class=\"uagb-ifb-content\"><div class=\"uagb-ifb-title-wrap\"><\/div><p class=\"uagb-ifb-desc\">Se voc\u00ea est\u00e1 a fim de fazer um pedal para as praias mais conhecidas do Rio, ent\u00e3o a dica \u00e9 seguir para o lado esquerdo (de quem olha o mar) na ciclovia da praia. Pela ciclovia voc\u00ea consegue ir ao Quebra-Mar, S\u00e3o Conrado, Leblon, Ipanema e Copacabana, se tiver f\u00f4lego! O bom desta rota \u00e9 que tem muitos visuais e poucas subidas.<\/p><\/div><\/div>\n<\/div>\n\n\n\n<div class=\"wp-block-column is-layout-flow wp-block-column-is-layout-flow\">\n<figure class=\"wp-block-image size-thumbnail\"><img loading=\"lazy\" decoding=\"async\" width=\"150\" height=\"150\" src=\"https:\/\/martinhasflatrio.com.br\/wp-content\/uploads\/2022\/08\/20200413_091123-150x150.jpg\" alt=\"\" class=\"wp-image-749\"\/><\/figure>\n<\/div>\n<\/div>\n\n\n\n<div class=\"wp-block-columns has-ast-global-color-8-background-color has-background is-layout-flex wp-container-core-columns-is-layout-28f84493 wp-block-columns-is-layout-flex\">\n<div class=\"wp-block-column is-layout-flow wp-block-column-is-layout-flow\" style=\"flex-basis:250px\">\n<div class=\"wp-block-uagb-info-box uagb-block-2c649f73 uagb-infobox__content-wrap  uagb-infobox_cta-type-all uagb-infobox-icon-above-title uagb-infobox-image-valign-top uagb-infobox__outer-wrap\"><a href=\"https:\/\/martinhasflatrio.com.br\/?page_id=1010\" class=\"uagb-infobox-link-wrap uagb-infbox__link-to-all\" target=\"_self\" aria-label=\"Infobox Link\" rel=\"noopener noreferrer\"><\/a><div class=\"uagb-ifb-content\"><div class=\"uagb-ifb-icon-wrap\"><svg xmlns=\"https:\/\/www.w3.org\/2000\/svg\" viewBox=\"0 0 448 512\"><path d=\"M388.3 104.1a4.66 4.66 0 0 0 -4.4-4c-2 0-37.23-.8-37.23-.8s-21.61-20.82-29.62-28.83V503.2L442.8 472S388.7 106.5 388.3 104.1zM288.6 70.47a116.7 116.7 0 0 0 -7.21-17.61C271 32.85 255.4 22 237 22a15 15 0 0 0 -4 .4c-.4-.8-1.2-1.2-1.6-2C223.4 11.63 213 7.63 200.6 8c-24 .8-48 18-67.25 48.83-13.61 21.62-24 48.84-26.82 70.06-27.62 8.4-46.83 14.41-47.23 14.81-14 4.4-14.41 4.8-16 18-1.2 10-38 291.8-38 291.8L307.9 504V65.67a41.66 41.66 0 0 0 -4.4 .4S297.9 67.67 288.6 70.47zM233.4 87.69c-16 4.8-33.63 10.4-50.84 15.61 4.8-18.82 14.41-37.63 25.62-50 4.4-4.4 10.41-9.61 17.21-12.81C232.2 54.86 233.8 74.48 233.4 87.69zM200.6 24.44A27.49 27.49 0 0 1 215 28c-6.4 3.2-12.81 8.41-18.81 14.41-15.21 16.42-26.82 42-31.62 66.45-14.42 4.41-28.83 8.81-42 12.81C131.3 83.28 163.8 25.24 200.6 24.44zM154.1 244.6c1.6 25.61 69.25 31.22 73.25 91.66 2.8 47.64-25.22 80.06-65.65 82.47-48.83 3.2-75.65-25.62-75.65-25.62l10.4-44s26.82 20.42 48.44 18.82c14-.8 19.22-12.41 18.81-20.42-2-33.62-57.24-31.62-60.84-86.86-3.2-46.44 27.22-93.27 94.47-97.68 26-1.6 39.23 4.81 39.23 4.81L221.4 225.4s-17.21-8-37.63-6.4C154.1 221 153.8 239.8 154.1 244.6zM249.4 82.88c0-12-1.6-29.22-7.21-43.63 18.42 3.6 27.22 24 31.23 36.43Q262.6 78.68 249.4 82.88z\"><\/path><\/svg><\/div><div class=\"uagb-ifb-title-wrap\"><h3 class=\"uagb-ifb-title\">Pedal do Museu do Amanh\u00e3 at\u00e9 o  flat<\/h3><\/div><div class=\"uagb-ifb-button-wrapper wp-block-button\"><\/div><\/div><\/div>\n<\/div>\n\n\n\n<div class=\"wp-block-column is-layout-flow wp-block-column-is-layout-flow\" style=\"flex-basis:500px\">\n<div class=\"wp-block-uagb-info-box uagb-block-838d9b15 uagb-infobox__content-wrap  uagb-infobox-icon-above-title uagb-infobox-image-valign-top\"><div class=\"uagb-ifb-content\"><div class=\"uagb-ifb-title-wrap\"><\/div><p class=\"uagb-ifb-desc\">Esta rota \u00e9 um pouco diferente e inclui um passeio de metr\u00f4 (s\u00f3 d\u00e1 pra ir com a bike no metr\u00f4 nos s\u00e1bados e domingos). De metr\u00f4, voc\u00ea vai at\u00e9 o centro e de l\u00e1 pedala at\u00e9 Museu do Amanh\u00e3, onde come\u00e7a a ciclovia que contorna a ba\u00eda de Guanabara e conecta com a ciclovia das praias, at\u00e9 chegar de volta no flat. Prepare a c\u00e2mera!<\/p><\/div><\/div>\n<\/div>\n\n\n\n<div class=\"wp-block-column is-layout-flow wp-block-column-is-layout-flow\">\n<figure class=\"wp-block-image size-thumbnail\"><img loading=\"lazy\" decoding=\"async\" width=\"150\" height=\"150\" src=\"https:\/\/martinhasflatrio.com.br\/wp-content\/uploads\/2022\/08\/Martinha-de-bike-no-Museu-do-Amanha-150x150.jpeg\" alt=\"\" class=\"wp-image-827\"\/><\/figure>\n<\/div>\n<\/div>\n\n\n\n<div class=\"wp-block-columns has-ast-global-color-5-background-color has-background is-layout-flex wp-container-core-columns-is-layout-28f84493 wp-block-columns-is-layout-flex\">\n<div class=\"wp-block-column is-layout-flow wp-block-column-is-layout-flow\" style=\"flex-basis:250px\">\n<div class=\"wp-block-uagb-info-box uagb-block-792fb32c uagb-infobox__content-wrap  uagb-infobox_cta-type-all uagb-infobox-icon-above-title uagb-infobox-image-valign-top uagb-infobox__outer-wrap\"><a href=\"https:\/\/martinhasflatrio.com.br\/?page_id=1688\" class=\"uagb-infobox-link-wrap uagb-infbox__link-to-all\" target=\"_self\" aria-label=\"Infobox Link\" rel=\"noopener noreferrer\"><\/a><div class=\"uagb-ifb-content\"><div class=\"uagb-ifb-icon-wrap\"><svg xmlns=\"https:\/\/www.w3.org\/2000\/svg\" viewBox=\"0 0 448 512\"><path d=\"M388.3 104.1a4.66 4.66 0 0 0 -4.4-4c-2 0-37.23-.8-37.23-.8s-21.61-20.82-29.62-28.83V503.2L442.8 472S388.7 106.5 388.3 104.1zM288.6 70.47a116.7 116.7 0 0 0 -7.21-17.61C271 32.85 255.4 22 237 22a15 15 0 0 0 -4 .4c-.4-.8-1.2-1.2-1.6-2C223.4 11.63 213 7.63 200.6 8c-24 .8-48 18-67.25 48.83-13.61 21.62-24 48.84-26.82 70.06-27.62 8.4-46.83 14.41-47.23 14.81-14 4.4-14.41 4.8-16 18-1.2 10-38 291.8-38 291.8L307.9 504V65.67a41.66 41.66 0 0 0 -4.4 .4S297.9 67.67 288.6 70.47zM233.4 87.69c-16 4.8-33.63 10.4-50.84 15.61 4.8-18.82 14.41-37.63 25.62-50 4.4-4.4 10.41-9.61 17.21-12.81C232.2 54.86 233.8 74.48 233.4 87.69zM200.6 24.44A27.49 27.49 0 0 1 215 28c-6.4 3.2-12.81 8.41-18.81 14.41-15.21 16.42-26.82 42-31.62 66.45-14.42 4.41-28.83 8.81-42 12.81C131.3 83.28 163.8 25.24 200.6 24.44zM154.1 244.6c1.6 25.61 69.25 31.22 73.25 91.66 2.8 47.64-25.22 80.06-65.65 82.47-48.83 3.2-75.65-25.62-75.65-25.62l10.4-44s26.82 20.42 48.44 18.82c14-.8 19.22-12.41 18.81-20.42-2-33.62-57.24-31.62-60.84-86.86-3.2-46.44 27.22-93.27 94.47-97.68 26-1.6 39.23 4.81 39.23 4.81L221.4 225.4s-17.21-8-37.63-6.4C154.1 221 153.8 239.8 154.1 244.6zM249.4 82.88c0-12-1.6-29.22-7.21-43.63 18.42 3.6 27.22 24 31.23 36.43Q262.6 78.68 249.4 82.88z\"><\/path><\/svg><\/div><div class=\"uagb-ifb-title-wrap\"><h3 class=\"uagb-ifb-title\">Trilha da Pedra Bonita<\/h3><\/div><div class=\"uagb-ifb-button-wrapper wp-block-button\"><\/div><\/div><\/div>\n<\/div>\n\n\n\n<div class=\"wp-block-column is-layout-flow wp-block-column-is-layout-flow\" style=\"flex-basis:500px\">\n<div class=\"wp-block-uagb-info-box uagb-block-4de9eee8 uagb-infobox__content-wrap  uagb-infobox-icon-above-title uagb-infobox-image-valign-top\"><div class=\"uagb-ifb-content\"><div class=\"uagb-ifb-title-wrap\"><\/div><p class=\"uagb-ifb-desc\">A trilha da Pedra Bonita \u00e9 uma das mais belas do Rio e est\u00e1 pertinho do feliz h\u00f3spede do Flat da Martinha! Uma rapida corrida de Uber e voc\u00ea est\u00e1 no p\u00e9 da subida da rampa de asa delta da Pedra Bonita &#8211; ali come\u00e7a a trilha, leve e n\u00e3o muito longa, que chega no mirante. Vista sensacional para S\u00e3o Conrado e Barra, no meio da exuber\u00e2ncia da mata atl\u00e2ntica!<\/p><\/div><\/div>\n<\/div>\n\n\n\n<div class=\"wp-block-column is-layout-flow wp-block-column-is-layout-flow\">\n<figure class=\"wp-block-image size-thumbnail\"><img loading=\"lazy\" decoding=\"async\" width=\"150\" height=\"150\" src=\"https:\/\/martinhasflatrio.com.br\/wp-content\/uploads\/2022\/08\/Martinha-arqueiro-na-Pedra-Bonita-150x150.jpeg\" alt=\"\" class=\"wp-image-850\"\/><\/figure>\n<\/div>\n<\/div>\n\n\n\n<div class=\"wp-block-columns has-ast-global-color-5-background-color has-background is-layout-flex wp-container-core-columns-is-layout-28f84493 wp-block-columns-is-layout-flex\">\n<div class=\"wp-block-column is-layout-flow wp-block-column-is-layout-flow\" style=\"flex-basis:250px\">\n<div class=\"wp-block-uagb-info-box uagb-block-624310bf uagb-infobox__content-wrap  uagb-infobox_cta-type-all uagb-infobox-icon-above-title uagb-infobox-image-valign-top uagb-infobox__outer-wrap\"><a href=\"https:\/\/martinhasflatrio.com.br\/?page_id=1840\" class=\"uagb-infobox-link-wrap uagb-infbox__link-to-all\" target=\"_self\" aria-label=\"Infobox Link\" rel=\"noopener noreferrer\"><\/a><div class=\"uagb-ifb-content\"><div class=\"uagb-ifb-icon-wrap\"><svg xmlns=\"https:\/\/www.w3.org\/2000\/svg\" viewBox=\"0 0 448 512\"><path d=\"M388.3 104.1a4.66 4.66 0 0 0 -4.4-4c-2 0-37.23-.8-37.23-.8s-21.61-20.82-29.62-28.83V503.2L442.8 472S388.7 106.5 388.3 104.1zM288.6 70.47a116.7 116.7 0 0 0 -7.21-17.61C271 32.85 255.4 22 237 22a15 15 0 0 0 -4 .4c-.4-.8-1.2-1.2-1.6-2C223.4 11.63 213 7.63 200.6 8c-24 .8-48 18-67.25 48.83-13.61 21.62-24 48.84-26.82 70.06-27.62 8.4-46.83 14.41-47.23 14.81-14 4.4-14.41 4.8-16 18-1.2 10-38 291.8-38 291.8L307.9 504V65.67a41.66 41.66 0 0 0 -4.4 .4S297.9 67.67 288.6 70.47zM233.4 87.69c-16 4.8-33.63 10.4-50.84 15.61 4.8-18.82 14.41-37.63 25.62-50 4.4-4.4 10.41-9.61 17.21-12.81C232.2 54.86 233.8 74.48 233.4 87.69zM200.6 24.44A27.49 27.49 0 0 1 215 28c-6.4 3.2-12.81 8.41-18.81 14.41-15.21 16.42-26.82 42-31.62 66.45-14.42 4.41-28.83 8.81-42 12.81C131.3 83.28 163.8 25.24 200.6 24.44zM154.1 244.6c1.6 25.61 69.25 31.22 73.25 91.66 2.8 47.64-25.22 80.06-65.65 82.47-48.83 3.2-75.65-25.62-75.65-25.62l10.4-44s26.82 20.42 48.44 18.82c14-.8 19.22-12.41 18.81-20.42-2-33.62-57.24-31.62-60.84-86.86-3.2-46.44 27.22-93.27 94.47-97.68 26-1.6 39.23 4.81 39.23 4.81L221.4 225.4s-17.21-8-37.63-6.4C154.1 221 153.8 239.8 154.1 244.6zM249.4 82.88c0-12-1.6-29.22-7.21-43.63 18.42 3.6 27.22 24 31.23 36.43Q262.6 78.68 249.4 82.88z\"><\/path><\/svg><\/div><div class=\"uagb-ifb-title-wrap\"><h3 class=\"uagb-ifb-title\">Trilha do Morro da Urca <\/h3><\/div><div class=\"uagb-ifb-button-wrapper wp-block-button\"><\/div><\/div><\/div>\n<\/div>\n\n\n\n<div class=\"wp-block-column is-layout-flow wp-block-column-is-layout-flow\" style=\"flex-basis:500px\">\n<div class=\"wp-block-uagb-info-box uagb-block-03083a9f uagb-infobox__content-wrap  uagb-infobox-icon-above-title uagb-infobox-image-valign-top\"><div class=\"uagb-ifb-content\"><div class=\"uagb-ifb-title-wrap\"><\/div><p class=\"uagb-ifb-desc\">A trilha do Morro da Urca \u00e9 passeio obrigat\u00f3rio para quem gosta de caminhar no meio da natureza. Quem n\u00e3o sonhe em subir ao P\u00e3o de A\u00e7\u00facar pela mata ? Pois \u00e9, aqui voce tem as dicas para subir o morro pela trilha (com toda a seguran\u00e7a) e chegar em um dos pontos mais bonitos do Rio. De l\u00e1 voc\u00ea ainda pode descer pelo bondinho ou subir nele at\u00e9 o morro mais alto &#8211; o do P\u00e3o de A\u00e7\u00facar<\/p><\/div><\/div>\n<\/div>\n\n\n\n<div class=\"wp-block-column is-layout-flow wp-block-column-is-layout-flow\">\n<figure class=\"wp-block-image size-thumbnail\"><img loading=\"lazy\" decoding=\"async\" width=\"150\" height=\"150\" src=\"https:\/\/martinhasflatrio.com.br\/wp-content\/uploads\/2022\/07\/rio-de-janeiro-parapente-336_1280-150x150.jpg\" alt=\"\" class=\"wp-image-627\"\/><\/figure>\n<\/div>\n<\/div>\n\n\n\n<div class=\"wp-block-columns has-ast-global-color-5-background-color has-background is-layout-flex wp-container-core-columns-is-layout-28f84493 wp-block-columns-is-layout-flex\">\n<div class=\"wp-block-column is-layout-flow wp-block-column-is-layout-flow\" style=\"flex-basis:250px\">\n<div class=\"wp-block-uagb-info-box uagb-block-63613f1c uagb-infobox__content-wrap  uagb-infobox_cta-type-all uagb-infobox-icon-above-title uagb-infobox-image-valign-top uagb-infobox__outer-wrap\"><a href=\"https:\/\/martinhasflatrio.com.br\/?page_id=949\" class=\"uagb-infobox-link-wrap uagb-infbox__link-to-all\" target=\"_self\" aria-label=\"Infobox Link\" rel=\"noopener noreferrer\"><\/a><div class=\"uagb-ifb-content\"><div class=\"uagb-ifb-icon-wrap\"><svg xmlns=\"https:\/\/www.w3.org\/2000\/svg\" viewBox=\"0 0 448 512\"><path d=\"M388.3 104.1a4.66 4.66 0 0 0 -4.4-4c-2 0-37.23-.8-37.23-.8s-21.61-20.82-29.62-28.83V503.2L442.8 472S388.7 106.5 388.3 104.1zM288.6 70.47a116.7 116.7 0 0 0 -7.21-17.61C271 32.85 255.4 22 237 22a15 15 0 0 0 -4 .4c-.4-.8-1.2-1.2-1.6-2C223.4 11.63 213 7.63 200.6 8c-24 .8-48 18-67.25 48.83-13.61 21.62-24 48.84-26.82 70.06-27.62 8.4-46.83 14.41-47.23 14.81-14 4.4-14.41 4.8-16 18-1.2 10-38 291.8-38 291.8L307.9 504V65.67a41.66 41.66 0 0 0 -4.4 .4S297.9 67.67 288.6 70.47zM233.4 87.69c-16 4.8-33.63 10.4-50.84 15.61 4.8-18.82 14.41-37.63 25.62-50 4.4-4.4 10.41-9.61 17.21-12.81C232.2 54.86 233.8 74.48 233.4 87.69zM200.6 24.44A27.49 27.49 0 0 1 215 28c-6.4 3.2-12.81 8.41-18.81 14.41-15.21 16.42-26.82 42-31.62 66.45-14.42 4.41-28.83 8.81-42 12.81C131.3 83.28 163.8 25.24 200.6 24.44zM154.1 244.6c1.6 25.61 69.25 31.22 73.25 91.66 2.8 47.64-25.22 80.06-65.65 82.47-48.83 3.2-75.65-25.62-75.65-25.62l10.4-44s26.82 20.42 48.44 18.82c14-.8 19.22-12.41 18.81-20.42-2-33.62-57.24-31.62-60.84-86.86-3.2-46.44 27.22-93.27 94.47-97.68 26-1.6 39.23 4.81 39.23 4.81L221.4 225.4s-17.21-8-37.63-6.4C154.1 221 153.8 239.8 154.1 244.6zM249.4 82.88c0-12-1.6-29.22-7.21-43.63 18.42 3.6 27.22 24 31.23 36.43Q262.6 78.68 249.4 82.88z\"><\/path><\/svg><\/div><div class=\"uagb-ifb-title-wrap\"><h3 class=\"uagb-ifb-title\">Trilha da Pedra da G\u00e1vea<\/h3><\/div><div class=\"uagb-ifb-button-wrapper wp-block-button\"><\/div><\/div><\/div>\n<\/div>\n\n\n\n<div class=\"wp-block-column is-layout-flow wp-block-column-is-layout-flow\" style=\"flex-basis:500px\">\n<div class=\"wp-block-uagb-info-box uagb-block-0ee71a8d uagb-infobox__content-wrap  uagb-infobox-icon-above-title uagb-infobox-image-valign-top\"><div class=\"uagb-ifb-content\"><div class=\"uagb-ifb-title-wrap\"><\/div><p class=\"uagb-ifb-desc\">A trilha do da pedra da G\u00e1vea \u00e9 um pouco mais pesada, e requer um guia credenciado. \u00c9 um dos visuais mais bonitos do Rio, mas n\u00e3o \u00e9 para os mais sedent\u00e1rios. Com 844m de altitude, o pico tem v\u00e1rias alternativas de pontos para fotos sensacionais. A caminhada parte da Barra ou S\u00e3o Conrado, e tem um trecho de escalada que requer um pouquinho de coragem \ud83d\ude09<\/p><\/div><\/div>\n<\/div>\n\n\n\n<div class=\"wp-block-column is-layout-flow wp-block-column-is-layout-flow\">\n<figure class=\"wp-block-image size-thumbnail\"><img loading=\"lazy\" decoding=\"async\" width=\"150\" height=\"150\" src=\"https:\/\/martinhasflatrio.com.br\/wp-content\/uploads\/2022\/08\/Pedra-da-gavea-1-150x150.jpg\" alt=\"\" class=\"wp-image-797\"\/><\/figure>\n<\/div>\n<\/div>\n\n\n\n<div class=\"wp-block-columns has-ast-global-color-5-background-color has-background is-layout-flex wp-container-core-columns-is-layout-28f84493 wp-block-columns-is-layout-flex\">\n<div class=\"wp-block-column is-layout-flow wp-block-column-is-layout-flow\" style=\"flex-basis:250px\">\n<div class=\"wp-block-uagb-info-box uagb-block-dc839f41 uagb-infobox__content-wrap  uagb-infobox_cta-type-all uagb-infobox-icon-above-title uagb-infobox-image-valign-top uagb-infobox__outer-wrap\"><a href=\"https:\/\/martinhasflatrio.com.br\/?page_id=949\" class=\"uagb-infobox-link-wrap uagb-infbox__link-to-all\" target=\"_self\" aria-label=\"Infobox Link\" rel=\"noopener noreferrer\"><\/a><div class=\"uagb-ifb-content\"><div class=\"uagb-ifb-icon-wrap\"><svg xmlns=\"https:\/\/www.w3.org\/2000\/svg\" viewBox=\"0 0 448 512\"><path d=\"M388.3 104.1a4.66 4.66 0 0 0 -4.4-4c-2 0-37.23-.8-37.23-.8s-21.61-20.82-29.62-28.83V503.2L442.8 472S388.7 106.5 388.3 104.1zM288.6 70.47a116.7 116.7 0 0 0 -7.21-17.61C271 32.85 255.4 22 237 22a15 15 0 0 0 -4 .4c-.4-.8-1.2-1.2-1.6-2C223.4 11.63 213 7.63 200.6 8c-24 .8-48 18-67.25 48.83-13.61 21.62-24 48.84-26.82 70.06-27.62 8.4-46.83 14.41-47.23 14.81-14 4.4-14.41 4.8-16 18-1.2 10-38 291.8-38 291.8L307.9 504V65.67a41.66 41.66 0 0 0 -4.4 .4S297.9 67.67 288.6 70.47zM233.4 87.69c-16 4.8-33.63 10.4-50.84 15.61 4.8-18.82 14.41-37.63 25.62-50 4.4-4.4 10.41-9.61 17.21-12.81C232.2 54.86 233.8 74.48 233.4 87.69zM200.6 24.44A27.49 27.49 0 0 1 215 28c-6.4 3.2-12.81 8.41-18.81 14.41-15.21 16.42-26.82 42-31.62 66.45-14.42 4.41-28.83 8.81-42 12.81C131.3 83.28 163.8 25.24 200.6 24.44zM154.1 244.6c1.6 25.61 69.25 31.22 73.25 91.66 2.8 47.64-25.22 80.06-65.65 82.47-48.83 3.2-75.65-25.62-75.65-25.62l10.4-44s26.82 20.42 48.44 18.82c14-.8 19.22-12.41 18.81-20.42-2-33.62-57.24-31.62-60.84-86.86-3.2-46.44 27.22-93.27 94.47-97.68 26-1.6 39.23 4.81 39.23 4.81L221.4 225.4s-17.21-8-37.63-6.4C154.1 221 153.8 239.8 154.1 244.6zM249.4 82.88c0-12-1.6-29.22-7.21-43.63 18.42 3.6 27.22 24 31.23 36.43Q262.6 78.68 249.4 82.88z\"><\/path><\/svg><\/div><div class=\"uagb-ifb-title-wrap\"><h3 class=\"uagb-ifb-title\">Yoga do <br>Cora\u00e7\u00e3o<\/h3><\/div><div class=\"uagb-ifb-button-wrapper wp-block-button\"><\/div><\/div><\/div>\n<\/div>\n\n\n\n<div class=\"wp-block-column is-layout-flow wp-block-column-is-layout-flow\" style=\"flex-basis:500px\">\n<div class=\"wp-block-uagb-info-box uagb-block-ee8b4b72 uagb-infobox__content-wrap  uagb-infobox-icon-above-title uagb-infobox-image-valign-top\"><div class=\"uagb-ifb-content\"><div class=\"uagb-ifb-title-wrap\"><\/div><p class=\"uagb-ifb-desc\">Que tal, depois de tanto esfor\u00e7o, curtir uma relaxante aula de Yoga, na praia, ao por do Sol ? Ali no posto 3 da praia da Barra voc\u00ea aproveita o lindo final de tarde curtindo uma aula nota 10 de Yoga. Depois um bom banho de mar e um chopp gelado nos barzinhos em frente completam um dia perfeito.<\/p><\/div><\/div>\n<\/div>\n\n\n\n<div class=\"wp-block-column is-layout-flow wp-block-column-is-layout-flow\">\n<figure class=\"wp-block-image size-thumbnail\"><img loading=\"lazy\" decoding=\"async\" width=\"150\" height=\"150\" src=\"https:\/\/martinhasflatrio.com.br\/wp-content\/uploads\/2022\/09\/Yoga-do-Coracao-grupo-150x150.jpg\" alt=\"\" class=\"wp-image-1035\"\/><\/figure>\n<\/div>\n<\/div>\n<\/div><\/section>\n","protected":false},"excerpt":{"rendered":"","protected":false},"author":1,"featured_media":0,"parent":0,"menu_order":0,"comment_status":"closed","ping_status":"closed","template":"","meta":{"_uag_custom_page_level_css":"","site-sidebar-layout":"default","site-content-layout":"default","ast-global-header-display":"","ast-main-header-display":"","ast-hfb-above-header-display":"","ast-hfb-below-header-display":"","ast-hfb-mobile-header-display":"","site-post-title":"disabled","ast-breadcrumbs-content":"","ast-featured-img":"","footer-sml-layout":"","theme-transparent-header-meta":"","adv-header-id-meta":"","stick-header-meta":"","header-above-stick-meta":"","header-main-stick-meta":"","header-below-stick-meta":"","footnotes":""},"class_list":["post-986","page","type-page","status-publish","hentry"],"uagb_featured_image_src":{"full":false,"thumbnail":false,"medium":false,"medium_large":false,"large":false,"1536x1536":false,"2048x2048":false},"uagb_author_info":{"display_name":"Augusto","author_link":"https:\/\/martinhasflatrio.com.br\/?author=1"},"uagb_comment_info":0,"uagb_excerpt":null,"_links":{"self":[{"href":"https:\/\/martinhasflatrio.com.br\/index.php?rest_route=\/wp\/v2\/pages\/986","targetHints":{"allow":["GET"]}}],"collection":[{"href":"https:\/\/martinhasflatrio.com.br\/index.php?rest_route=\/wp\/v2\/pages"}],"about":[{"href":"https:\/\/martinhasflatrio.com.br\/index.php?rest_route=\/wp\/v2\/types\/page"}],"author":[{"embeddable":true,"href":"https:\/\/martinhasflatrio.com.br\/index.php?rest_route=\/wp\/v2\/users\/1"}],"replies":[{"embeddable":true,"href":"https:\/\/martinhasflatrio.com.br\/index.php?rest_route=%2Fwp%2Fv2%2Fcomments&post=986"}],"version-history":[{"count":18,"href":"https:\/\/martinhasflatrio.com.br\/index.php?rest_route=\/wp\/v2\/pages\/986\/revisions"}],"predecessor-version":[{"id":1847,"href":"https:\/\/martinhasflatrio.com.br\/index.php?rest_route=\/wp\/v2\/pages\/986\/revisions\/1847"}],"wp:attachment":[{"href":"https:\/\/martinhasflatrio.com.br\/index.php?rest_route=%2Fwp%2Fv2%2Fmedia&parent=986"}],"curies":[{"name":"wp","href":"https:\/\/api.w.org\/{rel}","templated":true}]}}